t t(p) = p**3 - 17*p**2 + 48*p - 64. Calculate the remainder when 6558 is divided by t(14).
18
Let p(i) = -2*i**2 - 4*i + 12. Calculate the remainder when 23 is divided by p(0).
11
Let o be (-3 - -2 - -3) + 1. Suppose -l - o*x + 52 = 0, 0 = 2*l - 0*x + 4*x - 104. Calculate the remainder when 98 is divided by l.
46
Let u = 1398 - 2377. Let g = u - -993. Suppose 196 = 4*l - 72. Calculate the remainder when l is divided by g.
11
Let b = 20122 + -20110. Let r = 86 - 43. What is the remainder when r is divided by b?
7
Suppose -19 + 34 = -5*l. Calculate the remainder when 134 is divided by (1 + (-234)/27)/(1/l).
19
Let u be 2*(8 + (2 - 3)). Let g be 2/4 - (-161)/u. Suppose 0 = 15*l - g*l - 15. What is the remainder when 34 is divided by l?
4
Suppose 71*r + 1533 = 78*r. What is the remainder when r is divided by 53?
7
Let t(y) be the third derivative of 13*y**4/3 + 7*y**3/3 + 74*y**2. Calculate the remainder when t(1) is divided by 30.
28
Let d be 5/((35/(-4))/(-7)). Let r(v) = -2*v**2 + 11*v. Calculate the remainder when 14 is divided by r(d).
2
Let v(p) = -p**3 + 6*p**2 + 1. Suppose 3257 + 10232 = 7*u. Suppose 627 = -13*l + u. What is the remainder when l is divided by v(5)?
22
Let u(z) = 79*z**2 - 3 - 10 + 0*z - 74*z**2 - 4*z. What is the remainder when u(6) is divided by 37?
32
Let z = 11454 - 11267. Calculate the remainder when 399 is divided by z.
25
Let f = -18 - -70. Suppose 5*p = o - 142, 37*o - 39*o = 2*p - 308. Calculate the remainder when o is divided by f.
48
Let v be ((-27)/(-6))/3*8/3. Suppose -15 = -2*g + a, 2*g - 8 = -2*a + v. What is the remainder when 229 is divided by g?
5
Suppose 47 = 4*c - s - 4*s, -3*c - s = -21. Suppose -c*z + 155 = -429. Calculate the remainder when z is divided by 19.
16
Let n(q) = 23*q**3 - 2*q**2 - 4. Let k = -40 + 44. Suppose 0 = 5*y - k*s + 2, 2*y - s = 2 - 1. Calculate the remainder when n(y) is divided by 35.
32
Let l = 495 + -733. Let b = l - -240. What is the remainder when 9 is divided by b?
1
Suppose r + 8 = 3*v, v - 2 + 0 = r. Suppose -v*h + 419 = 4*a, 3*h + 5*a = -h + 559. Suppose -h = -0*b - 3*b. What is the remainder when 187 is divided by b?
46
Suppose -3*r + r + 276 = 0. Let y = r - 93. What is the remainder when y is divided by (28/(504/(-18)))/(2/(-46))?
22
Let w(h) = -4*h**3 - h**2 - 2*h - 2. Let c = 26 - 28. Let o(p) = 3*p + 106. What is the remainder when o(4) is divided by w(c)?
28
Let t be 5*-1 + (492 - 3). Suppose 6*x + 5*x = t. Calculate the remainder when x is divided by 34.
10
Let b be 6/(-8) + (-42)/(-56). Suppose 0 = -3*m + 2*g + 54, 5*g = 4*m - b*g - 72. What is the remainder when 107 is divided by m?
17
Let t(o) = -o**2 - 6*o + 7. Let b be t(-7). What is the remainder when 77 is divided by -7 + 11 - 7 - (b - 16)?
12
Let u = -144 - -123. What is the remainder when -78*(-2)/u*-7 is divided by 32?
20
Let l = -133957 - -133971. Suppose 0*z + 57 = 3*z. Calculate the remainder when z is divided by l.
5
Let f be (-4 - -16)*3/24*4. Suppose 2*d - f = -d. Suppose 2*w - 8 = w - d*b, -2*w - 5*b + 15 = 0. Calculate the remainder when 47 is divided by w.
7
What is the remainder when 617 is divided by 296 - (60/16 - 4) - (-8)/(-32)?
25
Suppose q + 2 = 7. Suppose -5*x = 0, -q*x = -k - 3*x + 90. What is the remainder when k is divided by (-93)/2*(-8)/12?
28
Let z be (-7)/(-7) - (-14 + 0). What is the remainder when (-111)/(-2) + 2/4 is divided by 87/2*10/z?
27
Let k(t) = -t - 9. Let o be k(-9). Suppose o*j + 2*j + 62 = 0. Let m = 33 + j. Calculate the remainder when 11 is divided by m.
1
Suppose 4*z + 4*r - 28 = 0, z - 3*r - 16 = -1. Suppose 2*b + z = l, -2*l - 3*b + 18 = -4*b. Let h = 396 + -366. Calculate the remainder when h is divided by l.
3
Let f(y) = 2*y**2 - 8*y - 123. What is the remainder when 337 is divided by f(-7)?
27
Let u(o) = o + 7. Let l be u(-3). Suppose -159 = -3*x + 4*r, 0*x - 3*r = l*x - 237. What is the remainder when x is divided by (-12)/(-14) + (-21714)/(-1078)?
15
Suppose 66*l + 1778 = 73*l. Calculate the remainder when l is divided by 59.
18
Suppose -3*j = 25 - 49. Let s be (j/(-12))/(1/(-1782)). Calculate the remainder when ((-2)/6)/((-18)/s) is divided by 14.
8
Suppose -46*b + 8160 = -22*b. Calculate the remainder when b is divided by 59.
45
Let z(k) = -k**3 - 16*k**2 + 2*k + 26. Let v be z(-16). Suppose 0 = -2*j + j + 27. Calculate the remainder when ((-1751)/51)/(((-2)/(-1))/v) is divided by j.
22
Suppose -t - 392 = -4*x, -x + 26*t + 136 = 21*t. Calculate the remainder when 108 is divided by x.
12
Suppose 6*h = 5*h + 5*v + 12, 0 = 5*v + 10. Suppose 0 = -h*a - s + 203, 12*a - 15*a - 2*s = -306. Calculate the remainder when a is divided by 42.
16
Let r = -32 + 35. Suppose r*a - 92 = -2*g, 2*g - 96 = -5*a + 4*a. What is the remainder when g is divided by 22?
5
Let m be 9/((-45)/25) + (3 - -2). Suppose m = -161*o + 159*o + 104. Calculate the remainder when 414 is divided by o.
50
Let c = 4923 + -4902. What is the remainder when 135 is divided by c?
9
Suppose -7*t + t + 612 = 0. Suppose t = -3*p - 4*k, 4*k = -4*p + 5*k - 117. Let h = p - -49. Calculate the remainder when 72 is divided by h.
15
Let r(s) = s**2 - 6*s - 13. Let f be r(8). Suppose -k - 34 = -j, 0 = -5*j - f*k + 26 + 144. What is the remainder when 97 is divided by j?
29
Suppose -174*h = -133*h - 86756. What is the remainder when h is divided by 29?
28
Let m = -39469 - -41105. Calculate the remainder when m is divided by 77.
19
Let f(q) = -127*q - 190. Calculate the remainder when f(-5) is divided by 18.
13
Suppose -8*m - 246 = -14*m. Let l(p) = -p - 3. Let x be l(-5). Suppose 6*v + 72 = 2*o + x*v, -m = -o + 3*v. What is the remainder when o is divided by 11?
4
Let j(x) = 6*x - 21. Let n(b) = -12*b + 41. Let f(p) = -11*j(p) - 6*n(p). Let l be f(10). Suppose 5*a = -l + 110. What is the remainder when a is divided by 7?
6
Let i(a) = 73*a + 40. Let u be i(-4). What is the remainder when 183 is divided by (5/20)/((-3)/u)?
15
Let t be (14/4)/7*-60. Let i be ((-146)/6)/(10/t). Suppose 0 = -0*x - x + 4*h + 19, -2*x + i = -h. What is the remainder when 115 is divided by x?
37
Suppose -50*s + 161*s - 6426 = -78*s. Calculate the remainder when 13868 is divided by s.
30
Let k(j) = 31*j**2 + 8*j + 6. Suppose 24*n + 3 = 21*n. What is the remainder when 256 is divided by k(n)?
24
Suppose 0 = 4*w - v - 170, -2*v - 80 = -2*w + v. Let k = 151 - 122. Let b = w - k. What is the remainder when 83 is divided by b?
13
Suppose -2*x = -x - 28. Suppose 4*p - 5*i = 8, 2*i = 3*p + 27 - 33. Suppose -88 = -p*n + 22. Calculate the remainder when n is divided by x.
27
Let n = 44 - 27. Let t = 4040 - 3925. Calculate the remainder when t is divided by n.
13
Let j = 216 - 193. Suppose 6*r = -j*r + 783. Let f(d) = d**3 + 6*d**2 - 5*d + 1. What is the remainder when f(-5) is divided by r?
24
Let p = 97 - 44. Let i = 5834 - 5812. What is the remainder when p is divided by i?
9
Let l = -142 + 164. Suppose -t + l = -1. Suppose -198 + 62 = -2*q. What is the remainder when q is divided by t?
22
Suppose 13*q = 9*q + 3*x + 2657, 5*q - 3260 = -5*x. Calculate the remainder when q is divided by 109.
5
Let l = -32 + 41. Suppose -16*c + 12*c = 0. Suppose 65 = 5*w - 4*h, c*w + 2*w + 2*h - 44 = 0. Calculate the remainder when w is divided by l.
8
Let b = -37590 + 37633. Suppose -5*q = 149 - 789. Calculate the remainder when q is divided by b.
42
Let k = 616 - 563. Suppose -2*i = -5*h + 925 + 916, -2*i = 3*h - 1095. What is the remainder when h is divided by k?
49
Let v be (933/(-2))/((-14)/(-280)*-15). Let c = -407 + v. What is the remainder when c is divided by 27?
26
Let t = -6959 + 7483. What is the remainder when t is divided by 153?
65
Suppose -5*k - 27 = -2*t, 0 = -3*t - 5*k - 12 - 10. Let w be t + -4*(-3)/4. Suppose -w*x + 1 = -35. What is the remainder when 24 is divided by x?
6
Let z(v) = 6*v**3 - 2*v**2 + 6*v - 13. Let r be z(3). Suppose -29 = 12*h - r. Calculate the remainder when 74 is divided by h.
4
Let g be 1/(((-4)/(-4))/3). Suppose -3 = -2*t - m, -g = -t - 2*m + 3. Suppose -7*z - 3 + 31 = t. Calculate the remainder when 23 is divided by z.
3
Suppose -12*m - 11 + 173 = -162. What is the remainder when 1791 is divided by m?
9
Let m = -214 - -119. Let u = m + 152. Calculate the remainder when u is divided by 5.
2
Let w(b) = 2*b**2 + 58*b